-127*r**2 + 2*r. Let h be g(1). Let a = h - -187. What is the highest common factor of 682 and a?
62
Let m be (-15 - -4) + (3 - -24). Let t(y) = -y**3 - 3 + 6*y**2 + 0*y**3 + y + 5. Let z be t(6). What is the greatest common divisor of m and z?
8
Suppose -14*m + 66*m - 17*m = 3640. What is the greatest common divisor of m and 4108?
52
Let b(m) = -217*m - 4096. Let y be b(-50). Calculate the highest common factor of 44 and y.
22
Let f = 6320 - -4372. Calculate the greatest common factor of f and 495.
99
Let i = 6 + 12. Let q be (12/24)/(2/(-40)). Let k = q + 12. What is the highest common factor of i and k?
2
Suppose 17*a - 297 = -16*a. Suppose 0 = -a*d + 17*d - 800. What is the highest common divisor of d and 450?
50
Let m = -79 - -82. Suppose 5 = -m*o - 19. Let k(v) = -4*v. Let h be k(o). What is the greatest common factor of 16 and h?
16
Let h(k) = -7*k - 58. Let w be h(-14). Suppose -36*b - 204 = -w*b. Calculate the greatest common divisor of 17 and b.
17
Suppose 0 = 381*y - 369*y - 4944. What is the greatest common divisor of y and 103?
103
Suppose 3*d + 15*d + 112 = 19*d. What is the greatest common factor of d and 544?
16
Suppose -23 - 26 = -3*t - 5*h, -25 = -5*h. Suppose -3*c = -7 - t. Suppose 70*s - 125 = 65*s. What is the greatest common factor of s and c?
5
Let i be (-108)/(-8)*(-16)/(-6). Let s(t) = 21*t + t**2 - 3 - 7 - i*t - 17. Let p be s(18). What is the highest common divisor of p and 18?
9
Let l = 370 + -271. Suppose 17 = -2*x + 127. Suppose 5*t = -0*t + x. Calculate the greatest common divisor of t and l.
11
Let t(h) = -2 + 3 + 97*h**3 + 34*h**3. Let a be -1*(7 + 1 - 4 - 5). Let b be t(a). Calculate the greatest common factor of 12 and b.
12
Suppose 3*m = -0*m + 9. Let b be 62 + (18 - 38) + -4 + 0. Let d = m + b. Calculate the highest common factor of 205 and d.
41
Let p(f) = -42*f + 2. Let h be p(-3). Suppose -279*i - 194 = -4658. Calculate the greatest common factor of h and i.
16
Let a(g) = -96*g**3 + 9*g**2 + 21*g - 2. Let x be a(-3). What is the greatest common factor of 80 and x?
16
Suppose -25*j - 1804 = -102*j - 5*j. Suppose -u + 89 + 36 = 0. Suppose -l + u = 15. What is the greatest common factor of j and l?
22
Let p be ((0 - 1) + 2)*-5. Suppose 5*m - 97 = 2*j + 73, -4*m = -4*j - 136. Let b = p + m. Calculate the greatest common divisor of 87 and b.
29
Let g(l) = 134*l - 104. Let n be g(4). What is the greatest common divisor of 189 and n?
27
Suppose -l + 27 = -h, 5*h = -3*l + 6*h + 71. Calculate the greatest common factor of l and 1397.
11
Let p be (7/2 + -2)*6. Let g be (-70)/245*7*(-6)/3. Suppose g*z - 4*y - 7 - 5 = 0, -3*z + 4*y + 6 = 0. What is the highest common divisor of z and p?
3
Suppose 2095 = -96*i + 28*i + 14335. Calculate the greatest common divisor of i and 132.
12
Let u(y) = 30*y + 119. Let n be u(-4). Let g be ((-88 + 0)/8)/n. Let a be (-730)/(-6) - (-4)/(-6). What is the highest common divisor of g and a?
11
Let a be 122/6*(0 - -9). Let l = 194 - a. What is the greatest common divisor of l and 583?
11
Let s be (-2)/(-5) + (-156)/(-10). Suppose 2*l + 465 - 485 = -i, 3*i = -l + 50. What is the greatest common divisor of s and i?
16
Let c be 50*(18/3)/1. Let b = 303 - c. Calculate the highest common divisor of b and 129.
3
Let c(h) = -2. Let j(d) = 121*d**2 - 3*d + 12. Let y(p) = c(p) + j(p). Let k be y(2). Calculate the greatest common factor of 16 and k.
8
Suppose 40331 - 99841 = -5*l. Calculate the greatest common factor of 55 and l.
11
Suppose 0 = -m + 532 - 136. Suppose 0 = -6*p - 5*p + m. Calculate the highest common factor of p and 54.
18
Let u(g) = -7*g - 37. Let i be u(-9). Suppose t - v - 23 = 2, -4*v + i = 2*t. Calculate the highest common divisor of t and 84.
21
Suppose 4*x + 4*s + 9 = s, -3*s = -5*x + 9. Suppose x*i + 24 = 6*i. Suppose -i*b + 11 = 2*h - 15, 4*h = -b + 17. What is the highest common factor of 2 and h?
1
Suppose 3*r + k = 982, -2*r + 660 = -11*k + 9*k. What is the highest common factor of r and 8?
8
Let p be 25/15*(-1128)/(-10). Suppose 121 + 114 = 5*s. What is the greatest common divisor of p and s?
47
Suppose -6*m = -2*m - 8. Suppose 0 = -2*r, 5*r + 6 = 3*y + 4*r. Suppose i + m*t - 12 = 0, -y*i - 9 = -4*i - t. What is the highest common factor of i and 26?
2
Let i(s) = -3*s + 19. Let q be i(5). Suppose q*b + 28 = 2*b. Let y be ((-6)/(-10))/(b/(-420)). What is the greatest common divisor of 2 and y?
2
Let p(z) = -77 + z**2 - 20*z - 3 - 16 - 18 - 2*z. Let w be p(29). What is the greatest common factor of 178 and w?
89
Let o(u) = -43*u + 42. Let x be o(5). Let r = x + 207. Calculate the greatest common factor of 102 and r.
34
Suppose -2*u + 8*o - 13*o = -340, 2*o - 352 = -2*u. Let p = u + -172. Calculate the greatest common factor of p and 128.
8
Let z(g) = -117*g + 787. Let a be z(6). Let i = -16 + 16. Suppose -5*u - 3*v - 1 + 77 = i, 0 = -3*u + 2*v + 57. Calculate the highest common factor of a and u.
17
Let v(r) = -139*r - 682. Let p be v(-28). What is the highest common divisor of 60 and p?
30
Suppose -c - 8 = -2*d + 7*d, c - 5*d - 12 = 0. Suppose -2*h + 27 = -1. Calculate the highest common divisor of h and c.
2
Let v = 12850 - 10775. Calculate the greatest common divisor of 332 and v.
83
Let n = 7664 + -7639. What is the greatest common factor of n and 2625?
25
Let f(a) = -a**2 + 2*a. Let u be f(-7). Let n = 66 + u. Suppose 5*k = -2*m + 251, n*m + 4*k + 296 = 5*m. Calculate the highest common divisor of 23 and m.
23
Let b = -3884 - -3898. What is the greatest common divisor of 6426 and b?
14
Let z(o) = 1577*o**3 + o**2 + o + 1. Let b be z(-1). Let m = -3268 - -3275. Let g be (1/(-2))/(m - b/(-224)). Calculate the highest common divisor of g and 14.
14
Suppose -4*x = -5*s + 21, -s + 15*x = 10*x. What is the highest common factor of s and 505?
5
Let u be 11*5/(-10)*(1 - 19). What is the highest common divisor of u and 176?
11
Let t be (-529 + -2 + -1)/(-4). What is the highest common factor of t and 437?
19
Let l = 860 - -1835. Calculate the greatest common factor of l and 550.
55
Let z = 404 - 860. Let a = 486 + z. What is the greatest common factor of 15 and a?
15
Let j be 2 - ((-8)/(-16) + (-436)/8). Let w = j - -94. Calculate the greatest common factor of 6 and w.
6
Let r be (-50 + 51)/(1/(-6)*-3) - -11542. What is the highest common factor of r and 74?
74
Suppose 2*h + 273 = 13*s - 18*s, h = 4*s + 221. Let v be ((-47)/15 + (-6)/(-45))*s. Calculate the highest common divisor of v and 99.
33
Suppose 13*h = 7*h + 30. Suppose -4 = w + h*l - 18, -5*l - 14 = -w. Calculate the greatest common factor of 14 and w.
14
Let g(i) = -7*i - 61. Let f be g(-9). Suppose 26*d - 30*d + 244 = -f*v, 0 = -d - 3*v + 47. What is the highest common factor of 472 and d?
59
Suppose 0 = -t - t - p + 603, 0 = 5*t + 2*p - 1506. Let q = 107 - -13. Calculate the greatest common divisor of t and q.
60
Let n be -18 + (-72)/(-6) + (-136)/(-1). What is the highest common divisor of 104 and n?
26
Let w = 0 + 0. Let n = w + 13. Suppose 3*q + 1947 = 17*i, 8*i - 1054 = q - 132. Calculate the highest common factor of n and i.
13
Suppose 2*i - 38 = 58. Suppose -116 = -9*q + 118. Suppose 0 = q*g - 32*g + 72. What is the greatest common divisor of g and i?
12
Let r = -7 + 535. Let s(d) = 2*d**2 - 17. Let z be s(5). Calculate the highest common factor of z and r.
33
Let s = -800 + 938. What is the highest common factor of s and 874?
46
Suppose m - 5 + 7 = 0. Let g(p) = -21*p**2 + p + 6. Let n be g(m). Let f be (90/(-40))/(6/n). Calculate the highest common factor of f and 6.
6
Let f(n) = -111*n + 135. Let v be f(-8). Let i = v - 543. Calculate the greatest common divisor of 6 and i.
6
Let d(k) = 18*k**2. Let j be d(2). Let r(i) = -40*i - 343. Let l be r(-30). Let z = -839 + l. Calculate the highest common factor of z and j.
18
Suppose 350 = 4*g + 2*v, -3*v + 65 = g - 35. Let b = g - 75. What is the highest common factor of b and 2?
2
Let y be ((2646 - 21)/(-7))/((-6)/8). Calculate the greatest common divisor of 240 and y.
20
Let i be (65/(-3))/((-1)/9). Let y = 17751 - 17721. Calculate the highest common factor of i and y.
15
Suppose 3*a = -9, 4*a - 3 = 6*m - 9*m. Let o be 0*(-1)/m - -189. Calculate the highest common factor of 27 and o.
27
Let d(y) = -3*y**2 - 105*y + 4. Let k be d(-33). What is the great